{"id":42,"date":"2020-11-05T11:45:41","date_gmt":"2020-11-05T09:45:41","guid":{"rendered":"https:\/\/kuokkala.org\/?page_id=42"},"modified":"2026-01-08T20:07:38","modified_gmt":"2026-01-08T18:07:38","slug":"kuokkanen","status":"publish","type":"page","link":"https:\/\/kuokkala.org\/?page_id=42","title":{"rendered":"Kuokkanen"},"content":{"rendered":"\n<p><strong>Kari Lehtinen on aloittanut vastaavana toimittajana Jyv\u00e4skyl\u00e4n Kuokkalan suurkaupunginosassa ilmestyv\u00e4ss\u00e4 tiedotus- ja kulttuurilehdess\u00e4.<br><\/strong><br>Sitoutumaton ja maksuton Kuokkanen -lehti julkaisee alueellisia juttuja ja tarjoaa n\u00e4kyv\u00e4\u00e4 ilmoitus- ja mainostilaa. Lehti on koettu t\u00e4rke\u00e4ksi yhdistyksen toiminnasta ja alueen kulttuuri- ja muista tapahtumista kertovaksi tiedotuskanavaksi. Vuosikerta 2026 on 40.<br><br><strong>Kuokkanen julkaistaan vuonna 2026 kaksi kertaa. Lehti on edullinen markkinointikanava, jonka juttuja luetaan ja ilmoitukset huomataan.<\/strong><br><br>Lehden koko: tabloidi neliv\u00e4ripainos, painosm\u00e4\u00e4r\u00e4 on 10 000 kpl. Lehti kannetaan Kuokkalan alueen talouksiin, ja jakelukoreihin er\u00e4iss\u00e4 liikekeskuksissa. <br><br>Kaikki lehtinumerot l\u00f6ytyv\u00e4t n\u00e4k\u00f6isversiona kotisivuilta <a href=\"https:\/\/kuokkala.org\/?page_id=59\">www.kuokkala.org<\/a> <br><br>K\u00e4yt\u00e4 hyv\u00e4ksesi lehden suurta lukijakuntaa ja tee ilmoitus. Otathan yhteytt\u00e4, jotta saat hyv\u00e4n ilmoitus- tai mainostilan. <br><br>Voit my\u00f6s tarjota juttuvinkkej\u00e4 eri tapahtumista. Julkaisemme my\u00f6s yritysesittelyj\u00e4.<br><br>Puhelin 050 5340494 \/ Kari Lehtinen ja osoite kariahtilehtinen@gmail.com<br><br>Kuokkanen lehden jakelua hoitaa kes\u00e4kuusta 2022 alkaen SSM Sis\u00e4-Suomi.<br><br><strong>Seuraavat Kuokkanen lehden ilmestymisp\u00e4iv\u00e4<\/strong> <strong>on toukokuussa 2026<\/strong> (p\u00e4iv\u00e4m\u00e4\u00e4r\u00e4 tarkentuu my\u00f6hemmin), valmiit jutut ja mainokset toimitukseen viimeist\u00e4\u00e4n 10 vuorokautta ennen lehden ilmestymist\u00e4.<br><br>Kuokkanen lehdell\u00e4 ei ole toimitiloja, toimituksen tavoittaa s\u00e4hk\u00f6postitse: toimitus@kuokkala.org<strong>\u00a0<\/strong>tai<strong>\u00a0<\/strong>kariahtilehtinen@gmail.com<br><br>Mainosmyynti: <br>Kari Lehtinen 050 5340494 ja osoite kariahtilehtinen@gmail.com<br><br>Jakeluh\u00e4iri\u00f6t: <a href=\"https:\/\/ssm.fi\/fi\/jakelupalaute\" target=\"_blank\" rel=\"noreferrer noopener\">https:\/\/ssm.fi\/fi\/jakelupalaute<\/a><br><\/p>\n\n\n\n<p><br><strong>Kuokkanen ilmoitusaineistovaatimukset:<\/strong><br>Sanomalehtiasetuksin tehty painovalmis PDF-tiedosto.<br>Fontit mukana (ei True Type kirjasimia) tai konvertoituna.<br>V\u00e4rit prosessi CMYK-muodossa (ei RGB:t\u00e4).<br>Kuvat 300 dpi resoluutiolla .eps- tai .tiff-muodossa, ilman ICC-profiileja.<br><br>Koottavista, korjattavista tai viallisista aineistomateriaaleista veloitetaan<br>erikseen tarvittaessa 15 EUR\/ilmoitus. Hintaan lis\u00e4t\u00e4\u00e4n arvonlis\u00e4vero 25,5%.<br><br>Aineistop\u00e4iv\u00e4n j\u00e4lkeen saapuneen aineiston julkaisua ei voida taata.<br><br><a href=\"https:\/\/kuokkala.org\/wp-content\/uploads\/2022\/03\/MEDIAKORTTI-2022-1.pdf\">Mediakortti Kuokkanen 2022<\/a><\/p>\n","protected":false},"excerpt":{"rendered":"<p>Kari Lehtinen on aloittanut vastaavana toimittajana Jyv\u00e4skyl\u00e4n Kuokkalan suurkaupunginosassa ilmestyv\u00e4ss\u00e4 tiedotus- ja kulttuurilehdess\u00e4.Sitoutumaton ja maksuton Kuokkanen -lehti julkaisee alueellisia juttuja ja tarjoaa n\u00e4kyv\u00e4\u00e4 ilmoitus- ja mainostilaa. Lehti on koettu t\u00e4rke\u00e4ksi yhdistyksen toiminnasta ja alueen kulttuuri- ja muista tapahtumista kertovaksi tiedotuskanavaksi. Vuosikerta 2026 on 40. Kuokkanen julkaistaan vuonna 2026 kaksi kertaa. Lehti on edullinen markkinointikanava, jonka&hellip;<\/p>\n<p class=\"more\"><a class=\"more-link\" href=\"https:\/\/kuokkala.org\/?page_id=42\">Continue reading <span class=\"screen-reader-text\">Kuokkanen<\/span><\/a><\/p>\n","protected":false},"author":1,"featured_media":0,"parent":0,"menu_order":3,"comment_status":"closed","ping_status":"closed","template":"","meta":{"footnotes":""},"class_list":["post-42","page","type-page","status-publish","hentry","entry"],"_links":{"self":[{"href":"https:\/\/kuokkala.org\/index.php?rest_route=\/wp\/v2\/pages\/42","targetHints":{"allow":["GET"]}}],"collection":[{"href":"https:\/\/kuokkala.org\/index.php?rest_route=\/wp\/v2\/pages"}],"about":[{"href":"https:\/\/kuokkala.org\/index.php?rest_route=\/wp\/v2\/types\/page"}],"author":[{"embeddable":true,"href":"https:\/\/kuokkala.org\/index.php?rest_route=\/wp\/v2\/users\/1"}],"replies":[{"embeddable":true,"href":"https:\/\/kuokkala.org\/index.php?rest_route=%2Fwp%2Fv2%2Fcomments&post=42"}],"version-history":[{"count":18,"href":"https:\/\/kuokkala.org\/index.php?rest_route=\/wp\/v2\/pages\/42\/revisions"}],"predecessor-version":[{"id":602,"href":"https:\/\/kuokkala.org\/index.php?rest_route=\/wp\/v2\/pages\/42\/revisions\/602"}],"wp:attachment":[{"href":"https:\/\/kuokkala.org\/index.php?rest_route=%2Fwp%2Fv2%2Fmedia&parent=42"}],"curies":[{"name":"wp","href":"https:\/\/api.w.org\/{rel}","templated":true}]}}