{"id":59,"date":"2023-12-05T12:10:45","date_gmt":"2023-12-05T10:10:45","guid":{"rendered":"https:\/\/kuokkala.org\/?page_id=59"},"modified":"2025-12-10T21:26:06","modified_gmt":"2025-12-10T19:26:06","slug":"kuokkanen-lehden-arkisto","status":"publish","type":"page","link":"https:\/\/kuokkala.org\/?page_id=59","title":{"rendered":"Kuokkanen n\u00e4k\u00f6islehti\/arkisto"},"content":{"rendered":"\n<p><strong>Kuokkanen lehti n\u00e4k\u00f6islehten\u00e4:<\/strong><br><br>Joulukuun 2025 <a href=\"https:\/\/kuokkala.org\/?3d-flip-book=kuokkanen-joulukuu-2025\">Kuokkanen<\/a><br><br>Maaliskuun 2025 <a href=\"https:\/\/kuokkala.org\/?3d-flip-book=kuokkanen-maaliskuu-2025\">Kuokkanen<\/a><br><br>Joulukuun 2024 <a href=\"https:\/\/kuokkala.org\/?3d-flip-book=kuokkanen-joulukuu-2024-2\">Kuokkanen<\/a><br><br>Toukokuun 2024<a href=\"https:\/\/kuokkala.org\/?3d-flip-book=kuokkanen-toukokuu-2024\">Kuokkanen<\/a><br><br>Joulukuun 2023 <a href=\"https:\/\/kuokkala.org\/?3d-flip-book=kuokkanen-joulukuu-2023\">Kuokkanen<\/a><br><br>Syyskuun 2023 <a href=\"https:\/\/kuokkala.org\/?3d-flip-book=kuokkanen-2-23\">Kuokkanen<\/a><br><br>Maaliskuun 2023 <a href=\"https:\/\/kuokkala.org\/?3d-flip-book=kuokkanen-1_2023\">Kuokkanen<\/a><br><br>Joulukuun 2022 <a href=\"https:\/\/kuokkala.org\/?3d-flip-book=kuokkanen-joulukuu-2002\">Kuokkanen<\/a><br><br>Elokuun 2022 <a href=\"https:\/\/kuokkala.org\/?3d-flip-book=kuokkanen-3_2022_elokuu\">Kuokkanen<\/a><br><br>Kes\u00e4kuun 2022 <a href=\"https:\/\/kuokkala.org\/?3d-flip-book=kuokkanen-kesakuu-2022\">Kuokkanen<\/a><br><br>Maaliskuun 2022 <a href=\"https:\/\/kuokkala.org\/?3d-flip-book=kuokkanen-1_2022-maaliskuu\">Kuokkanen<\/a><\/p>\n\n\n\n<p>Joulukuu 2021 <a href=\"https:\/\/kuokkala.org\/?3d-flip-book=kuokkanen-joulukuu-2021-2\" data-type=\"URL\">Kuokkanen<\/a><br><br>Elokuu 2021 <a href=\"https:\/\/kuokkala.org\/?3d-flip-book=kuokkanen-elokuu-2021\">Kuokkanen<\/a><\/p>\n\n\n\n<p>Toukokuu 2021 <a href=\"https:\/\/kuokkala.org\/?3d-flip-book=kuokkanen-toukokuu-2021\">Kuokkanen<\/a><\/p>\n\n\n\n<p> Joulukuu 2020 <a href=\"https:\/\/kuokkala.org\/?3d-flip-book=kuokkanen-joulukuu-2020\">Kuokkanen<\/a><\/p>\n\n\n\n<p> Elokuu 2020\n<a href=\"https:\/\/kuokkala.org\/?3d-flip-book=kuokkanen-elokuu-2020\">Kuokkanen<\/a><\/p>\n\n\n\n<p>Kes\u00e4kuu 2020 <a href=\"https:\/\/kuokkala.org\/?3d-flip-book=kuokkanen-kesakuu-2020\">Kuokkanen<\/a><\/p>\n\n\n\n<p>Maaliskuu 2020 <a href=\"https:\/\/kuokkala.org\/?3d-flip-book=kuokkanen-maaliskuu-2020\">Kuokkanen<\/a><\/p>\n\n\n\n<p>Joulukuu 2019 <a href=\"https:\/\/kuokkala.org\/?3d-flip-book=joulukuu-2019-kuokkanen\">Kuokkanen<\/a><br><\/p>\n\n\n\n<div class=\"wp-block-group\"><div class=\"wp-block-group__inner-container is-layout-flow wp-block-group-is-layout-flow\">\n<div class=\"wp-block-group\"><div class=\"wp-block-group__inner-container is-layout-flow wp-block-group-is-layout-flow\">\n<div class=\"wp-block-group\"><div class=\"wp-block-group__inner-container is-layout-flow wp-block-group-is-layout-flow\">\n\n\n<p><\/p>\n<\/div><\/div>\n<\/div><\/div>\n<\/div><\/div>\n\n\n\n<p><\/p>\n\n\n\n<p><\/p>\n","protected":false},"excerpt":{"rendered":"<p>Kuokkanen lehti n\u00e4k\u00f6islehten\u00e4: Joulukuun 2025 Kuokkanen Maaliskuun 2025 Kuokkanen Joulukuun 2024 Kuokkanen Toukokuun 2024Kuokkanen Joulukuun 2023 Kuokkanen Syyskuun 2023 Kuokkanen Maaliskuun 2023 Kuokkanen Joulukuun 2022 Kuokkanen Elokuun 2022 Kuokkanen Kes\u00e4kuun 2022 Kuokkanen Maaliskuun 2022 Kuokkanen Joulukuu 2021 Kuokkanen Elokuu 2021 Kuokkanen Toukokuu 2021 Kuokkanen Joulukuu 2020 Kuokkanen Elokuu 2020 Kuokkanen Kes\u00e4kuu 2020 Kuokkanen Maaliskuu 2020&hellip;<\/p>\n<p class=\"more\"><a class=\"more-link\" href=\"https:\/\/kuokkala.org\/?page_id=59\">Continue reading <span class=\"screen-reader-text\">Kuokkanen n\u00e4k\u00f6islehti\/arkisto<\/span><\/a><\/p>\n","protected":false},"author":1,"featured_media":0,"parent":0,"menu_order":4,"comment_status":"closed","ping_status":"closed","template":"","meta":{"footnotes":""},"class_list":["post-59","page","type-page","status-publish","hentry","entry"],"_links":{"self":[{"href":"https:\/\/kuokkala.org\/index.php?rest_route=\/wp\/v2\/pages\/59","targetHints":{"allow":["GET"]}}],"collection":[{"href":"https:\/\/kuokkala.org\/index.php?rest_route=\/wp\/v2\/pages"}],"about":[{"href":"https:\/\/kuokkala.org\/index.php?rest_route=\/wp\/v2\/types\/page"}],"author":[{"embeddable":true,"href":"https:\/\/kuokkala.org\/index.php?rest_route=\/wp\/v2\/users\/1"}],"replies":[{"embeddable":true,"href":"https:\/\/kuokkala.org\/index.php?rest_route=%2Fwp%2Fv2%2Fcomments&post=59"}],"version-history":[{"count":15,"href":"https:\/\/kuokkala.org\/index.php?rest_route=\/wp\/v2\/pages\/59\/revisions"}],"predecessor-version":[{"id":597,"href":"https:\/\/kuokkala.org\/index.php?rest_route=\/wp\/v2\/pages\/59\/revisions\/597"}],"wp:attachment":[{"href":"https:\/\/kuokkala.org\/index.php?rest_route=%2Fwp%2Fv2%2Fmedia&parent=59"}],"curies":[{"name":"wp","href":"https:\/\/api.w.org\/{rel}","templated":true}]}}